{"id":14,"date":"2019-02-13T16:56:07","date_gmt":"2019-02-13T16:56:07","guid":{"rendered":"https:\/\/fisiolivesaludybelleza.com\/?page_id=14"},"modified":"2019-06-11T12:24:22","modified_gmt":"2019-06-11T12:24:22","slug":"proteccion-de-datos","status":"publish","type":"page","link":"https:\/\/fisiolivesaludybelleza.com\/?page_id=14","title":{"rendered":"Protecci\u00f3n de Datos"},"content":{"rendered":"<p>[et_pb_section bb_built=\u00bb1&#8243; admin_label=\u00bbValue Props\u00bb custom_padding_last_edited=\u00bbon|desktop\u00bb _builder_version=\u00bb3.24&#8243; custom_padding=\u00bb30px|0px|30px|0px\u00bb custom_padding_tablet=\u00bb40px|0px|40px|0px|true|false\u00bb locked=\u00bboff\u00bb inner_width_tablet=\u00bb50px\u00bb inner_max_width_tablet=\u00bb100px\u00bb inner_max_width_phone=\u00bb50px\u00bb box_shadow_horizontal_tablet=\u00bb0px\u00bb box_shadow_vertical_tablet=\u00bb0px\u00bb box_shadow_blur_tablet=\u00bb40px\u00bb box_shadow_spread_tablet=\u00bb0px\u00bb z_index_tablet=\u00bb500&#8243;][et_pb_row padding_top_2=\u00bb60px\u00bb padding_2_tablet=\u00bb0px||\u00bb padding_2_last_edited=\u00bbon|phone\u00bb _builder_version=\u00bb3.19&#8243; width=\u00bb80%\u00bb max_width=\u00bb1080px\u00bb][et_pb_column type=\u00bb4_4&#8243;][et_pb_text _builder_version=\u00bb3.24&#8243; text_line_height=\u00bb2em\u00bb header_2_font=\u00bbPrata||||||||\u00bb header_2_font_size=\u00bb50px\u00bb header_2_font_size_tablet=\u00bb40px\u00bb header_2_font_size_phone=\u00bb28px\u00bb header_2_font_size_last_edited=\u00bbon|phone\u00bb header_2_line_height=\u00bb1.4em\u00bb header_3_font=\u00bbPrata|700|||||||\u00bb header_3_font_size=\u00bb14px\u00bb header_3_font_size_phone=\u00bb10px\u00bb header_3_font_size_last_edited=\u00bbon|phone\u00bb header_3_letter_spacing=\u00bb5px\u00bb header_3_line_height=\u00bb1.8em\u00bb animation_style=\u00bbzoom\u00bb animation_intensity_zoom=\u00bb5%\u00bb locked=\u00bboff\u00bb header_5_font_size__hover=\u00bb16px\u00bb header_5_font_size__hover_enabled=\u00bb16px\u00bb header_5_letter_spacing__hover=\u00bb0px\u00bb header_5_letter_spacing__hover_enabled=\u00bb0px\u00bb header_5_line_height__hover=\u00bb1em\u00bb header_5_line_height__hover_enabled=\u00bb1em\u00bb header_5_text_shadow_style__hover=\u00bbnone\u00bb header_5_text_shadow_style__hover_enabled=\u00bbnone\u00bb header_5_text_shadow_color__hover=\u00bbrgba(0,0,0,0.4)\u00bb header_5_text_shadow_color__hover_enabled=\u00bbrgba(0,0,0,0.4)\u00bb header_font_size__hover=\u00bb30px\u00bb header_font_size__hover_enabled=\u00bb30px\u00bb header_letter_spacing__hover=\u00bb0px\u00bb header_letter_spacing__hover_enabled=\u00bb0px\u00bb header_text_shadow_style__hover=\u00bbnone\u00bb header_text_shadow_style__hover_enabled=\u00bbnone\u00bb header_text_shadow_color__hover=\u00bbrgba(0,0,0,0.4)\u00bb header_text_shadow_color__hover_enabled=\u00bbrgba(0,0,0,0.4)\u00bb header_6_font_size__hover=\u00bb14px\u00bb header_6_font_size__hover_enabled=\u00bb14px\u00bb header_6_letter_spacing__hover=\u00bb0px\u00bb header_6_letter_spacing__hover_enabled=\u00bb0px\u00bb header_6_line_height__hover=\u00bb1em\u00bb header_6_line_height__hover_enabled=\u00bb1em\u00bb header_6_text_shadow_style__hover=\u00bbnone\u00bb header_6_text_shadow_style__hover_enabled=\u00bbnone\u00bb header_6_text_shadow_color__hover=\u00bbrgba(0,0,0,0.4)\u00bb header_6_text_shadow_color__hover_enabled=\u00bbrgba(0,0,0,0.4)\u00bb text_text_shadow_horizontal_length=\u00bbtext_text_shadow_style,%91object Object%93&#8243; text_text_shadow_horizontal_length_tablet=\u00bb0px\u00bb text_text_shadow_vertical_length=\u00bbtext_text_shadow_style,%91object Object%93&#8243; text_text_shadow_vertical_length_tablet=\u00bb0px\u00bb text_text_shadow_blur_strength=\u00bbtext_text_shadow_style,%91object Object%93&#8243; text_text_shadow_blur_strength_tablet=\u00bb1px\u00bb link_text_shadow_horizontal_length=\u00bblink_text_shadow_style,%91object Object%93&#8243; link_text_shadow_horizontal_length_tablet=\u00bb0px\u00bb link_text_shadow_vertical_length=\u00bblink_text_shadow_style,%91object Object%93&#8243; link_text_shadow_vertical_length_tablet=\u00bb0px\u00bb link_text_shadow_blur_strength=\u00bblink_text_shadow_style,%91object Object%93&#8243; link_text_shadow_blur_strength_tablet=\u00bb1px\u00bb ul_text_shadow_horizontal_length=\u00bbul_text_shadow_style,%91object Object%93&#8243; ul_text_shadow_horizontal_length_tablet=\u00bb0px\u00bb ul_text_shadow_vertical_length=\u00bbul_text_shadow_style,%91object Object%93&#8243; ul_text_shadow_vertical_length_tablet=\u00bb0px\u00bb ul_text_shadow_blur_strength=\u00bbul_text_shadow_style,%91object Object%93&#8243; ul_text_shadow_blur_strength_tablet=\u00bb1px\u00bb ol_text_shadow_horizontal_length=\u00bbol_text_shadow_style,%91object Object%93&#8243; ol_text_shadow_horizontal_length_tablet=\u00bb0px\u00bb ol_text_shadow_vertical_length=\u00bbol_text_shadow_style,%91object Object%93&#8243; ol_text_shadow_vertical_length_tablet=\u00bb0px\u00bb ol_text_shadow_blur_strength=\u00bbol_text_shadow_style,%91object Object%93&#8243; ol_text_shadow_blur_strength_tablet=\u00bb1px\u00bb quote_text_shadow_horizontal_length=\u00bbquote_text_shadow_style,%91object Object%93&#8243; quote_text_shadow_horizontal_length_tablet=\u00bb0px\u00bb quote_text_shadow_vertical_length=\u00bbquote_text_shadow_style,%91object Object%93&#8243; quote_text_shadow_vertical_length_tablet=\u00bb0px\u00bb quote_text_shadow_blur_strength=\u00bbquote_text_shadow_style,%91object Object%93&#8243; quote_text_shadow_blur_strength_tablet=\u00bb1px\u00bb header_text_shadow_horizontal_length=\u00bbheader_text_shadow_style,%91object Object%93&#8243; header_text_shadow_horizontal_length_tablet=\u00bb0px\u00bb header_text_shadow_vertical_length=\u00bbheader_text_shadow_style,%91object Object%93&#8243; header_text_shadow_vertical_length_tablet=\u00bb0px\u00bb header_text_shadow_blur_strength=\u00bbheader_text_shadow_style,%91object Object%93&#8243; header_text_shadow_blur_strength_tablet=\u00bb1px\u00bb header_2_text_shadow_horizontal_length=\u00bbheader_2_text_shadow_style,%91object Object%93&#8243; header_2_text_shadow_horizontal_length_tablet=\u00bb0px\u00bb header_2_text_shadow_vertical_length=\u00bbheader_2_text_shadow_style,%91object Object%93&#8243; header_2_text_shadow_vertical_length_tablet=\u00bb0px\u00bb header_2_text_shadow_blur_strength=\u00bbheader_2_text_shadow_style,%91object Object%93&#8243; header_2_text_shadow_blur_strength_tablet=\u00bb1px\u00bb header_3_text_shadow_horizontal_length=\u00bbheader_3_text_shadow_style,%91object Object%93&#8243; header_3_text_shadow_horizontal_length_tablet=\u00bb0px\u00bb header_3_text_shadow_vertical_length=\u00bbheader_3_text_shadow_style,%91object Object%93&#8243; header_3_text_shadow_vertical_length_tablet=\u00bb0px\u00bb header_3_text_shadow_blur_strength=\u00bbheader_3_text_shadow_style,%91object Object%93&#8243; header_3_text_shadow_blur_strength_tablet=\u00bb1px\u00bb header_4_text_shadow_horizontal_length=\u00bbheader_4_text_shadow_style,%91object Object%93&#8243; header_4_text_shadow_horizontal_length_tablet=\u00bb0px\u00bb header_4_text_shadow_vertical_length=\u00bbheader_4_text_shadow_style,%91object Object%93&#8243; header_4_text_shadow_vertical_length_tablet=\u00bb0px\u00bb header_4_text_shadow_blur_strength=\u00bbheader_4_text_shadow_style,%91object Object%93&#8243; header_4_text_shadow_blur_strength_tablet=\u00bb1px\u00bb header_5_text_shadow_horizontal_length=\u00bbheader_5_text_shadow_style,%91object Object%93&#8243; header_5_text_shadow_horizontal_length_tablet=\u00bb0px\u00bb header_5_text_shadow_vertical_length=\u00bbheader_5_text_shadow_style,%91object Object%93&#8243; header_5_text_shadow_vertical_length_tablet=\u00bb0px\u00bb header_5_text_shadow_blur_strength=\u00bbheader_5_text_shadow_style,%91object Object%93&#8243; header_5_text_shadow_blur_strength_tablet=\u00bb1px\u00bb header_6_text_shadow_horizontal_length=\u00bbheader_6_text_shadow_style,%91object Object%93&#8243; header_6_text_shadow_horizontal_length_tablet=\u00bb0px\u00bb header_6_text_shadow_vertical_length=\u00bbheader_6_text_shadow_style,%91object Object%93&#8243; header_6_text_shadow_vertical_length_tablet=\u00bb0px\u00bb header_6_text_shadow_blur_strength=\u00bbheader_6_text_shadow_style,%91object Object%93&#8243; header_6_text_shadow_blur_strength_tablet=\u00bb1px\u00bb box_shadow_horizontal_tablet=\u00bb0px\u00bb box_shadow_vertical_tablet=\u00bb0px\u00bb box_shadow_blur_tablet=\u00bb40px\u00bb box_shadow_spread_tablet=\u00bb0px\u00bb z_index_tablet=\u00bb500&#8243;]<\/p>\n<h3><strong>POLITICA DE PROTECCI\u00d3N DE DATOS<\/strong><\/h3>\n<p>Durante la navegaci\u00f3n a trav\u00e9s de nuestra web es posible que se soliciten datos de car\u00e1cter personal a trav\u00e9s de diferentes formularios dispuestos al efecto.<\/p>\n<p>Tus datos personales ser\u00e1n tratados e incorporados a una base de datos titularidad de EMPRESA, dichos datos formar\u00e1n parte de los ficheros pertinentes inscritos en la Agencia Espa\u00f1ola de Protecci\u00f3n de Datos en funci\u00f3n de la finalidad determinada y concreta que motiva su solicitud.<\/p>\n<p><strong><u>IDENTIFICACI\u00d3N DEL RESPONSABLE<\/u><\/strong><\/p>\n<p>RAZ\u00d3N SOCIAL: \u00a0\u00a0EMPRESA<\/p>\n<p>CIF\/DNI:\u00a0\u00a0\u00a0\u00a0\u00a0\u00a0\u00a0\u00a0\u00a0\u00a0\u00a0\u00a0\u00a0 E87601829<\/p>\n<p>DIRECCI\u00d3N:\u00a0\u00a0\u00a0\u00a0\u00a0\u00a0 C\/ Ardemans N\u00aa 40. 28028. Madrid.<\/p>\n<p>TELEF\u00d3NO: \u00a0\u00a0\u00a0\u00a0\u00a0\u00a0\u00a0 C\/ Ardemans N\u00aa 40<\/p>\n<p>MAIL: \u00a0\u00a0\u00a0\u00a0\u00a0\u00a0\u00a0\u00a0\u00a0\u00a0\u00a0\u00a0\u00a0\u00a0\u00a0\u00a0\u00a0\u00a0 C\/ Ardemans N\u00aa 40<\/p>\n<p>ACTIVIDAD: \u00a0\u00a0\u00a0\u00a0\u00a0 Fisioterapeuta y Estetica<\/p>\n<p>Nuestra empresa garantiza la protecci\u00f3n de todos los datos de car\u00e1cter personal que proporcione el Usuario\/a en fisiolivesaludybelleza.com, y respeta la legislaci\u00f3n vigente y aplicable en materia de protecci\u00f3n de datos personales:<\/p>\n<ul>\n<li>RGPD (REGLAMENTO GENERAL DE PROTECI\u00d3N DE DATOS (EU) 2016\/679)<\/li>\n<li>LOPD (Ley Org\u00e1nica 15\/1999, de 13 de diciembre, de Protecci\u00f3n de Datos de Car\u00e1cter Personal)<\/li>\n<li>LSSI-CE (Ley 34\/2002 de 11 de julio de Servicios de la Sociedad de la Informaci\u00f3n y del Comercio Electr\u00f3nico)<\/li>\n<\/ul>\n<p><strong><u>FINALIDADES DEL TRATAMIENTO:<\/u><\/strong><\/p>\n<ul>\n<li>Facilitar la informaci\u00f3n solicitada.<\/li>\n<li>Mandar comunicaciones promocionales, en el caso de que se soliciten expresamente.<\/li>\n<li>En caso de comprar alg\u00fan producto contratar un servicio en com, cumplir y controlar el correcto cumplimiento del contrato.<\/li>\n<li>En el caso de comprar un producto o contratar un servicio ofrecido por un Vendedor diferente, nuestra empresa intermediar\u00e1 para ponerte en contacto con dicho Vendedor.<\/li>\n<li>Cumplir con las obligaciones legales de Fisiolive.<\/li>\n<\/ul>\n<p>Los datos personales proporcionados se conservar\u00e1n mientras se mantenga la relaci\u00f3n o no solicite su supresi\u00f3n y durante el plazo por el cu\u00e1l pudieran derivarse responsabilidades legales por los servicios prestados.<\/p>\n<p><strong><u>COMUNICACIONES PROMOCIONALES:<\/u><\/strong><\/p>\n<p>Contenido: Se enviar\u00e1n comunicaciones promocionales relacionadas con cualquier producto o servicio disponible en nuestra web y apps<\/p>\n<p>Medios: correo postal, telef\u00f3nico, correo electr\u00f3nico o cualquier otro medio disponible<\/p>\n<p>Baja: En todas las comunicaciones promocionales se informar\u00e1 al Usuario\/a c\u00f3mo darse de baja de una forma sencilla y sin ning\u00fan coste (exceptuando el coste que pueda producir la transmisi\u00f3n de su solicitud de baja). Se atender\u00e1 la solitud tan pronto sea posible y, en cualquier caso, dentro del plazo legal establecido. No obstante, a pesar de que el Usuario\/a se d\u00e9 de baja en las comunicaciones publicitarias, se enviar\u00e1n mensajes con otras finalidades (ejemplo: referentes al estado de cualquier compra realizada)<\/p>\n<p>\u00a0<strong><u>DATOS A TERCEROS<\/u><\/strong><\/p>\n<p>Fisiolive no emplear\u00e1 en ning\u00fan caso los datos de car\u00e1cter personal que el Usuario\/a ponga a nuestra disposici\u00f3n para prestar servicios a terceros, excepto a los referidos en las finalidades del tratamiento.<\/p>\n<p><strong><u>CATEGOR\u00cdAS DE DATOS PERSONALES<\/u><\/strong><\/p>\n<p>Los datos solicitados ser\u00e1n \u00fanicamente los necesarios para realizar las finalidades anteriormente detalladas.<\/p>\n<p>En el caso de realizar una compra o contratar un servicio (por ejemplo):\u00a0 Nombre, Apellidos, DNI, Direcci\u00f3n, Tel\u00e9fono\/m\u00f3vil y\/o Correo electr\u00f3nico.<\/p>\n<p>En la recogida y tratamiento de los datos de car\u00e1cter personal se han adoptado las medidas de seguridad adecuada para evitar la p\u00e9rdida, el acceso no autorizado o la manipulaci\u00f3n de los mismos, de acuerdo con la normativa legal.<\/p>\n<p>Nos comprometemos a proteger la informaci\u00f3n confidencial a la que tenemos acceso.<\/p>\n<p><strong><u>DERECHOS ARCO<\/u><\/strong><\/p>\n<p>El Usuario\/a puede, en cualquier momento, ejercitar sus derechos de acceso, rectificaci\u00f3n, cancelaci\u00f3n y oposici\u00f3n sobre sus datos personales, as\u00ed como el de revocaci\u00f3n del consentimiento para cualquiera de las finalidades anteriormente detalladas, enviado una carta debidamente firmada a nuestra direcci\u00f3n postal (arriba indicada) donde consten claramente los datos de contacto, fotocopia del DNI o documento que acredite su identidad.<\/p>\n<p>Dichos derechos tambi\u00e9n los puede ejercer enviando un mail a C\/ Ardemans N\u00aa 40 , con la informaci\u00f3n descrita en el p\u00e1rrafo anterior.<\/p>\n<p><strong><u>LEGITIMACI\u00d3N<\/u><\/strong><\/p>\n<p>El tratamiento de tus datos se realiza con las siguientes bases jur\u00eddicas que legitiman el mismo:<\/p>\n<ol>\n<li>La solicitud de informaci\u00f3n y\/o la contrataci\u00f3n de los servicios de Fisiolive cuyos t\u00e9rminos y condiciones se pondr\u00e1n a tu disposici\u00f3n en todo caso, de forma previa a una eventual contrataci\u00f3n.<\/li>\n<li>El consentimiento libre, espec\u00edfico, informado e inequ\u00edvoco, en tanto que te informamos poniendo a tu disposici\u00f3n la presente pol\u00edtica de privacidad, que tras la lectura de la misma, en caso de estar conforme, puedes aceptar mediante una declaraci\u00f3n o una clara acci\u00f3n afirmativa, como el marcado de una casilla dispuesta al efecto.<\/li>\n<\/ol>\n<p>En caso de que no nos facilites tus datos o lo hagas de forma err\u00f3nea o incompleta, no podremos atender tu solicitud, resultando del todo imposible proporcionarte la informaci\u00f3n solicitada o llevar a cabo la contrataci\u00f3n de los servicios.<\/p>\n<p><strong><u>ACEPTACI\u00d3N DE LA POLITICA DE PROTECCI\u00d3N DE DATOS Y CAMBIOS<\/u><\/strong><\/p>\n<p>Si el Usuario\/a navega por nuestra web o apps y\/o utiliza nuestros servicios, est\u00e1 manifestando su consentimiento expl\u00edcito para que Fisiolive trate sus como se explica en esta Pol\u00edtica de Protecci\u00f3n de Datos.<\/p>\n<p>Fisiolive realizar\u00e1 cambios en su Pol\u00edtica de Protecci\u00f3n de Datos cuando sea necesario, atendiendo a las exigencias legales. En el caso de que dichos cambios afecten al Usuario\/a, se informar\u00e1 de los mismos por correcto electr\u00f3nico (en la \u00faltima direcci\u00f3n que nos facilitara). En cualquier caso, la Pol\u00edtica de Protecci\u00f3n de Datos revisada estar\u00e1 siempre disponible en nuestra web.<\/p>\n<p>[\/et_pb_text][\/et_pb_column][\/et_pb_row][\/et_pb_section]<\/p>\n","protected":false},"excerpt":{"rendered":"<p>POLITICA DE PROTECCI\u00d3N DE DATOSDurante la navegaci\u00f3n a trav\u00e9s de nuestra web es posible que se soliciten datos de car\u00e1cter personal a trav\u00e9s de diferentes formularios dispuestos al efecto.Tus datos personales ser\u00e1n tratados e incorporados a una base de datos titularidad de EMPRESA, dichos datos formar\u00e1n parte de los ficheros pertinentes inscritos en la Agencia [&hellip;]<\/p>\n","protected":false},"author":1,"featured_media":0,"parent":0,"menu_order":0,"comment_status":"closed","ping_status":"closed","template":"","meta":{"_et_pb_use_builder":"on","_et_pb_old_content":"","_et_gb_content_width":"","footnotes":""},"class_list":["post-14","page","type-page","status-publish","hentry"],"_links":{"self":[{"href":"https:\/\/fisiolivesaludybelleza.com\/index.php?rest_route=\/wp\/v2\/pages\/14","targetHints":{"allow":["GET"]}}],"collection":[{"href":"https:\/\/fisiolivesaludybelleza.com\/index.php?rest_route=\/wp\/v2\/pages"}],"about":[{"href":"https:\/\/fisiolivesaludybelleza.com\/index.php?rest_route=\/wp\/v2\/types\/page"}],"author":[{"embeddable":true,"href":"https:\/\/fisiolivesaludybelleza.com\/index.php?rest_route=\/wp\/v2\/users\/1"}],"replies":[{"embeddable":true,"href":"https:\/\/fisiolivesaludybelleza.com\/index.php?rest_route=%2Fwp%2Fv2%2Fcomments&post=14"}],"version-history":[{"count":0,"href":"https:\/\/fisiolivesaludybelleza.com\/index.php?rest_route=\/wp\/v2\/pages\/14\/revisions"}],"wp:attachment":[{"href":"https:\/\/fisiolivesaludybelleza.com\/index.php?rest_route=%2Fwp%2Fv2%2Fmedia&parent=14"}],"curies":[{"name":"wp","href":"https:\/\/api.w.org\/{rel}","templated":true}]}}